116 - -10614?
10732
In base 8, what is 65 + 161003?
161070
In base 3, what is 20021220 - -100?
20022020
In base 12, what is -75a3 - 5?
-75a8
In base 10, what is -139 + -5383?
-5522
In base 13, what is -17189 + 5?
-17184
In base 3, what is -10 - 220202211?
-220202221
In base 3, what is 22121012 - 1211?
22112101
In base 15, what is -81e4 + -4?
-81e8
In base 4, what is -1001 + -2112?
-3113
In base 6, what is -3052 + 110?
-2542
In base 11, what is 50 + 341a?
346a
In base 8, what is -67321 + 0?
-67321
In base 13, what is 3 - 33?
-30
In base 3, what is -2010010102 - -1?
-2010010101
In base 10, what is -78 + 9278?
9200
In base 16, what is -ada - -24?
-ab6
In base 9, what is 1075 + 10?
1085
In base 13, what is 94 - -98?
15c
In base 7, what is 1 + 5014?
5015
In base 4, what is -212 - 1210103?
-1210321
In base 3, what is 10 - -1000212212?
1000212222
In base 3, what is 1200211012 - -2222?
1200221011
In base 16, what is 21b1 + -2d?
2184
In base 4, what is -200 + -103103300?
-103110100
In base 11, what is -41a + 426?
7
In base 14, what is 2bbd - a6?
2b17
In base 3, what is -11 + 10110020?
10110002
In base 13, what is -2 - -457c7?
457c5
In base 12, what is -b8 - -1269?
1171
In base 9, what is -100 - 207?
-307
In base 11, what is 151 - -20?
171
In base 9, what is 1 - 22612?
-22611
In base 16, what is -27b2 - 1c?
-27ce
In base 13, what is -360 - 50?
-3b0
In base 2, what is 100000 - -1110110001?
1111010001
In base 12, what is -7 - 21153?
-2115a
In base 13, what is 54 + 54?
a8
In base 12, what is -2 + 3b980?
3b97a
In base 14, what is -88b9 - 0?
-88b9
In base 16, what is 12 - -61c?
62e
In base 8, what is -454 - -317?
-135
In base 4, what is -121213002 - -3?
-121212333
In base 14, what is 0 - bda6?
-bda6
In base 5, what is 110 - -1434241?
1434401
In base 14, what is -8 - 4574?
-457c
In base 12, what is 620 + -b?
611
In base 4, what is 2 + -1202212211?
-1202212203
In base 11, what is -4 - 15388?
-15391
In base 7, what is -2 + -123423?
-123425
In base 13, what is -b - -97c4?
97b6
In base 14, what is 3 + 21758?
2175b
In base 3, what is -1 - -2110211202?
2110211201
In base 15, what is 51a + -31?
4d9
In base 8, what is 32763 + 3?
32766
In base 2, what is -10 - -101110000101010001?
101110000101001111
In base 5, what is 3104033 - 41?
3103442
In base 12, what is 140698 - 5?
140693
In base 15, what is 389 - -4?
38d
In base 4, what is 322013 - -23?
322102
In base 6, what is 25 - -150255?
150324
In base 15, what is 0 + -b57?
-b57
In base 4, what is -2 + -1032012030?
-1032012032
In base 6, what is -1 + 3424?
3423
In base 2, what is -1000000 + 10100001111100100?
10100001110100100
In base 16, what is -54334 - 4?
-54338
In base 8, what is -12616 + 522?
-12074
In base 6, what is 222 + 1331?
1553
In base 14, what is 2b9bd + -12?
2b9ab
In base 6, what is 4 + -2000445?
-2000441
In base 13, what is -2 + -2280?
-2282
In base 16, what is -400 - -9?
-3f7
In base 4, what is 11 - -10322310?
10322321
In base 8, what is -3 - 4426?
-4431
In base 7, what is -2330 + -2321?
-4651
In base 12, what is a43 - 19?
a26
In base 8, what is -23056 - -247?
-22607
In base 12, what is -1b55 - -13?
-1b42
In base 15, what is 8 + 21947?
21950
In base 3, what is -112022101 - 110?
-112022211
In base 7, what is -2 + 54560?
54555
In base 2, what is 101000 - -1011000111001101?
1011000111110101
In base 4, what is -102312 + -323211?
-1032123
In base 10, what is 49735 - -42?
49777
In base 5, what is -10214423 - -1?
-10214422
In base 14, what is -1 + -184b?
-184c
In base 7, what is -42 + -3335?
-3410
In base 12, what is -1b + 31b?
300
In base 8, what is -373175 + 32?
-373143
In base 7, what is -26 - 2025662?
-2026021
In base 10, what is -87 + 1137?
1050
In base 13, what is 13 + c9a?
cb0
In base 9, what is 576048 + -3?
576045
In base 7, what is -20544 + 355?
-20156
In base 15, what is 1c94 - 1d?
1c76
In base 14, what is 1 + 12b5c?
12b5d
In base 11, what is 222 + 116?
338
In base 5, what is 212 - 20114?
-14402
In base 7, what is -11 + 3615255?
3615244
In base 10, what is 5 + 1834?
1839
In base 4, what is 13023101202 - 11?
13023101131
In base 11, what is 136408 + 3?
136410
In base 15, what is c72d - -9?
c737
In base 14, what is -d44 - -17d?
-ba5
In base 8, what is 1421242 - 4?
1421236
In base 3, what is -12022112 - 21?
-12022210
In base 3, what is 222210202 - -2?
222210211
In base 15, what is -18 - 124dc?
-12505
In base 15, what is 63d4 + 4c?
6431
In base 4, what is 13020313 - 22?
13020231
In base 12, what is b56b76 - 0?
b56b76
In base 14, what is 117547 + -3?
117544
In base 4, what is 10 + 13113?
13123
In base 13, what is 1 + 6624?
6625
In base 14, what is -2dd393 + 1?
-2dd392
In base 14, what is -ddbb1 + -3?
-ddbb4
In base 2, what is 110001100011 - -111?
110001101010
In base 7, what is 2502501 - -5?
2502506
In base 11, what is -13 + -191a2?
-19205
In base 15, what is -11 - 9e87?
-9e98
In base 9, what is 280 + -8?
271
In base 16, what is 6cc8a + -2?
6cc88
In base 14, what is -4d + -3394?
-3403
In base 16, what is -3d5 - -52?
-383
In base 11, what is 29 + 31a?
348
In base 2, what is -10001 + 110111100000010?
110111011110001
In base 11, what is -5898 - -16a?
-5729
In base 5, what is -344123 - 0?
-344123
In base 8, what is -1456 + 6270?
4612
In base 10, what is -2 - 507511?
-507513
In base 13, what is -5 - -39c1?
39b9
In base 6, what is -3 - -12243?
12240
In base 6, what is -40224 - -500?
-35324
In base 12, what is -4 - -6131?
6129
In base 7, what is -15304 - -2212?
-13062
In base 16, what is 3 - -45400?
45403
In base 9, what is -78 - 18328?
-18417
In base 13, what is -c - 211?
-220
In base 10, what is 2 - -602155?
602157
In base 7, what is 1336133 + -3?
1336130
In base 4, what is 1131 + 313100?
320231
In base 15, what is -9504 + -c?
-9511
In base 3, what is 11210111021 + 210?
11210112001
In base 14, what is -19 - -55a3?
5588
In base 5, what is -1 - -14210?
14204
In base 12, what is 39 + 4639?
4676
In base 11, what is -64529a + 3?
-645297
In base 4, what is -20102 + -1113?
-21221
In base 8, what is -53 - 534?
-607
In base 3, what is 1102012112012 + 1?
1102012112020
In base 8, what is 330 - 355?
-25
In base 14, what is 46d7 + -69?
466c
In base 13, what is 1421 + cc?
1520
In base 7, what is -3536 + 10?
-3526
In base 10, what is 0 + -72421?
-72421
In base 10, what is -4 - 5622?
-5626
In base 2, what is 110100000 - 10010000011?
-1011100011
In base 8, what is -10366 - -70?
-10276
In base 12, what is -1241 - b8?
-1339
In base 10, what is -2 + -26929?
-26931
In base 5, what is -1004431 + 134?
-1004242
In base 14, what is -4cb5 + 0?
-4cb5
In base 10, what is -40 + 591?
551
In base 14, what is 4 - -137c1?
137c5
In base 6, what is 104 - 354530?
-354422
In base 16, what is -1a3 - 179?
-31c
In base 4, what is -13023 - -210?
-12213
In base 14, what is -28752 + 5?
-2874b
In base 13, what is 2 - 4c2b8?
-4c2b6
In base 12, what is -166 + 3746?
35a0
In base 15, what is 3 - -175cc?
175d0
In base 7, what is -1530411 + 2?
-1530406
In base 7, what is 3 - 1533401?
-1533365
In base 3, what is -12112202 + -1?
-12112210
In base 5, what is -2102301 + 3?
-2102243
In base 14, what is 8 + -77b49?
-77b41
In base 16, what is 2 + -2c133?
-2c131
In base 16, what is -1ba4 + 16?
-1b8e
In base 12, what is -2 - 2307?
-2309
In base 16, what is -c3 - -f4?
31
In base 3, what is -1001 + 120102201?
120101200
In base 6, what is -2114 + -430?
-2544
In base 9, what is 32 - 12288?
-12256
In base 2, what is -100001001001001010 + -111?
-100001001001010001
In base 5, what is 121 - -144430?
200101
In base 13, what is 10 - -10a1?
10b1
In base 3, what is 2021112 - 221101?
1100011
In base 10, what is -3970901 + 3?
-3970898
In base 5, what is 1022130 - -1?
1022131
In base 6, what is 144 - 1212?
-1024
In base 14, what is -3 - 4b73?
-4b76
In base 12, what is 1 + 3688?
3689
In base 14, what is 24a + 6c6?
932
In base 2, what is -111 - -1011001101001?
1011001100010
In base 13, what is 12950 - 8?
12945
In base 9, what is -68783 + -8?
-68802
In base 9, what is -1680 - 10?
-1700
In base 16, what is 118 + f55?
106d
In base 2, what is 1000110000 + -11101001?
101000111
In base 14, what is b - -3a?
47
In base 14, what is 7847 - -6?
784d
In base 10, what is -38 + -576?
-614
In base 8, what is -302 - -30472?
30170
In base 3, what is 1221000202220 + 10?
1221000210000
In base 12, what i